 + 1
-1
(0 - (-2 - (3 + -4))) + -6
-5
Calculate -2 + (0 - -4) + (10 - 16).
-4
What is (7 - 16) + (21 - 11)?
1
Calculate 10 + -9 + 0 + -1.
0
Calculate -9 - (-3 - -1) - (62 - 71).
2
Calculate 1 + -19 + 12 + 9.
3
What is the value of -64 - -70 - (14 + 0)?
-8
Evaluate 2 - 5 - ((-1 - -3) + -7).
2
What is 4 + -1 + 4 - (-2 - -4)?
5
Evaluate 2 + (-3 - (2 + 0)).
-3
Evaluate (-11 + 4 - 3) + 17.
7
What is -2 + -3 + 0 - -6?
1
Calculate -8 + -1 + -4 + 8.
-5
-16 - -9 - (-6 - 0)
-1
What is (4 - 5) + (3 + -3 - 3)?
-4
(-2 - (0 - 0) - 3) + 1
-4
Evaluate 3 + (-1 + -6 + 5 - 2).
-1
Evaluate (-3 - 1) + 0 + 3 + 0.
-1
What is the value of (3 - -1) + (-2 - (3 + 2))?
-3
What is (-1 - (-3 + 3)) + (1 - -2)?
2
What is the value of (-12 - -14) + (2 - 0) + -1?
3
Calculate (7 - (3 + 1)) + -3.
0
-41 + 35 + (1 - 2)
-7
Calculate 0 + -9 - (46 + -56).
1
(4 - (-2 + -7)) + -21
-8
What is 5 - (-5 - -1 - -3) - 1?
5
What is the value of -6 - (5 + 2 - (10 - 1))?
-4
Calculate -4 - (7 - 8) - 3.
-6
What is the value of -3 + 0 + 4 + -2?
-1
Calculate (-2 - -1) + 3 + -6.
-4
Evaluate (4 - (0 - -1)) + (24 - 30).
-3
Evaluate -14 + 17 - (7 - 0).
-4
Calculate 0 + 2 + 2 - (0 - 0).
4
What is the value of 2 + (-3 - 0) - 0?
-1
-3 + 1 - (-9 + (-5 - -6))
6
What is the value of -2 + (9 - 5) + -3 + 1?
0
What is the value of 1 - 0 - (20 + -23)?
4
What is the value of 3 + (5 + -9 - 1)?
-2
What is -3 - (8 + (-5 - 2))?
-4
Evaluate (-7 - -3) + 0 + (6 - 2).
0
What is 4 + (0 - (0 - 2))?
6
What is the value of 12 - (-10 + (-8 - -29))?
1
Calculate 8 + -5 - (0 + -2) - 4.
1
What is -3 - (5 - (11 + 1))?
4
Calculate (8 - 12) + -1 + 0 - 1.
-6
-1 + 9 + -5 + -8
-5
What is the value of -1 + (-2 - -8 - 1) + -2?
2
Evaluate -5 + -2 + 7 + -11 + 11.
0
What is the value of -4 + 2 + (-14 - -9)?
-7
What is 3 + -2 + 4 + -1 + -1?
3
What is 12 + (2 + -1 - 7 - 1)?
5
What is the value of -3 - 0 - (2 - 4)?
-1
What is the value of 5 + (-6 - -1) + -3 + 4?
1
What is the value of 5 - 0 - (22 - 13)?
-4
-2 + -2 - -4 - -2 - -3
5
(3 - (3 + -4 + 3)) + 2
3
-3 + 2 + 7 + (-23 - -22)
5
What is the value of -4 - (-5 - (4 + -4))?
1
Evaluate -10 - 0 - (-12 - -9).
-7
What is the value of (-2 - (11 - 7)) + 11?
5
What is 3 + (2 - 8 - -3 - -1)?
1
Evaluate 11 + 1 - (-17 + 23).
6
-8 + 3 - (-9 - (5 + -11))
-2
What is the value of 16 + -14 + 0 - (1 - 1)?
2
(11 + -13 - 4) + 1
-5
Evaluate (2 + -1 - -4) + -31 + 27.
1
1 - 3 - (0 + 1 + -8)
5
-3 - -2 - (-12 + -1 + 21)
-9
What is the value of (15 - 10) + -10 - 1?
-6
Evaluate 4 - (-1 + 9 - (1 + 1)).
-2
What is -10 + 14 - 6 - (4 - 0)?
-6
-4 + -6 + 22 + -12
0
What is 46 + -40 + (1 - 1)?
6
Evaluate -14 - -24 - (8 + 3).
-1
What is -5 + 11 + -4 + 0?
2
(1 + 1 - 0 - -6) + -3
5
Evaluate 1 + -2 + 0 + -2.
-3
What is the value of -9 + (-3 - (2 - 8)) + 2?
-4
Evaluate (-4 - 3) + 5 - (0 - 7).
5
Calculate (-1 + -6 - -14) + -2.
5
Calculate 5 + -11 + 2 - -1.
-3
Calculate 13 + -9 + -3 + 6.
7
What is (-4 - -4) + -1 + (-1 - 2)?
-4
-2 + -5 + (9 - 5)
-3
Calculate (4 + -1 - 4) + (-3 - 3).
-7
Evaluate 5 - -1 - (-4 - (-4 + -9)).
-3
Evaluate (-63 - -55) + (3 - 5).
-10
What is the value of -7 - -11 - (12 + 0) - -5?
-3
What is 4 + (0 - (4 + (-3 - -4)))?
-1
Calculate -8 + -3 - (-9 + 5).
-7
Calculate (-155 - -147) + 8 + 1.
1
Calculate -11 + 11 + -3 + 2 + -3.
-4
What is the value of -6 + (1 - 1) + 4?
-2
What is the value of 1 - -10 - (-12 + 16 + 4)?
3
Calculate (4 - 2) + (-2 - -2) - 7.
-5
0 - (-3 - (-7 - -1))
-3
Evaluate 5 + -6 - 5 - (2 + -3).
-5
-2 - 4 - (-8 - 1)
3
Calculate 19 + -8 - 11 - 8.
-8
Evaluate 1 + (-6 - -2 - -7).
4
Evaluate -2 - (-7 + 4) - 2.
-1
Evaluate -3 - -2 - (4 + -5).
0
What is the value of (-22 - -21) + 5 + -2?
2
Calculate (-2 - -4) + -2 + 3.
3
Evaluate 4 - (7 - 10 - -5).
2
What is -2 + 4 + -4 + -5 + 5?
-2
What is (15 - (-2 - -8)) + -14?
-5
0 - 4 - (-3 - 1)
0
Calculate (0 - (1 - 1)) + -5.
-5
What is 1 - ((-3 - -7) + -1 + -6)?
4
-3 + (4 - (7 - 0))
-6
Calculate -10 + 1 + -2 + 374 + -371.
-8
Evaluate -1 + 3 + -5 - -3 - 1.
-1
Evaluate 2 + 1 + -6 + -42 + 35.
-10
What is (9 - (3 + 0)) + 1 - 14?
-7
What is 0 - -2 - (26 + -32)?
8
Calculate 3 + (-1 - -5) + -9.
-2
What is (8 - 4) + -5 + 3 + -3?
-1
Evaluate 3 - 4 - (2 + 0 + 2).
-5
What is the value of -8 - -1 - (-1 + -3)?
-3
Calculate 14 + -15 + -3 + (3 - 1).
-2
Evaluate -2 - (-5 - (0 - 9 - -1)).
-5
Calculate (2 - (-1 - -3)) + -1.
-1
What is 3 + -1 - 5 - (-46 + 46)?
-3
-3 + (2 - 0) + 5 + -5
-1
6 - (-3 + -7 + 0) - 8
8
Evaluate (10 - 17) + (-1 - -2).
-6
What is -10 + 10 + -5 + -1 + 4?
-2
What is (-5 - 9 - -11) + 2?
-1
What is the value of -11 + -2 - (-15 - 9)?
11
Calculate 6 + (2 - -1 - 12).
-3
3 + 2 + (-7 - -2) + -1
-1
Evaluate 2 - (-4 + 4) - 9 - -4.
-3
What is -1 + 0 - (0 - (0 - -4))?
3
What is (3 - (-4 + 9)) + 7?
5
Evaluate -8 + 4 - (10 + -13).
-1
Calculate -19 - -11 - (-1 + 2) - -8.
-1
Calculate -15 - -10 - (-1 + -1).
-3
5 + -3 - (1 - 3 - 0)
4
Evaluate 9 + (-3 - 6 - -5).
5
Calculate 63 - 67 - (2 + 0).
-6
What is 0 + 3 - (-14 - 15 - -21)?
11
What is the value of (-11 - -4) + 5 + -1?
-3
(-8 + 15 - (0 - -4)) + -2
1
Calculate -4 - (-2 - (0 - 2 - 1)).
-5
Calculate -2 + (3 - 4) - -2.
-1
What is 0 - (6 + -4 - (2 - -1))?
1
Calculate 4 + -8 + 8 + -12.
-8
Calculate -5 - ((5 - (6 + 0)) + -3).
-1
What is the value of 8 - (-2 + (9 - 0))?
1
Calculate (5 - 4 - 3) + -3.
-5
Calculate (10 - 10) + (-3 - -5 - 8).
-6
What is the value of -10 + 2 - (-3 - 6)?
1
Evaluate -4 + (5 - 4) + (2 - 2).
-3
What is (10 - 7) + -2 + 13 - 4?
10
-134 - -124 - (1 - 9)
-2
What is 2 + -8 - (1 + (2 - 5))?
-4
What is 5 + -2 + 5 - (2 + 1)?
5
What is 8 - (-15 + 3 - -3) - 8?
9
-1 + 11 + (6 - (10 + 4))
2
Calculate 5 + (-5 - (3 + -11)) - 4.
4
Calculate 2 - ((-9 - (1 + -5)) + 8).
-1
Evaluate -9 + -1 + 16 + 1.
7
What is the value of -3 - (-2 + -4 + 4 + -5)?
4
What is (-2 - 1 - -5) + -6 + 5?
1
What is the value of (-3 - (-4 - 0)) + 1 + 4?
6
What is the value of 7 - (7 - 11) - 5?
6
2 + -1 + 1 + 97 + -107
-8
What is the value of -5 + (6 - (1 + 6 + -5))?
-1
Evaluate -2 + (-1 - 0 - 0) - 3.
-6
Calculate 4 - 4 - (-3 - 0).
3
Evaluate (13 - 1) + -26 + 24.
10
Evaluate 1 + 1 + -3 + 4 + -3.
0
What is (-2 - 4) + 11 + -7?
-2
What is 88 + -79 - (1 + -1)?
9
Calculate (-3 + 6 - 9) + (-2 - -3).
-5
What is the value of 0 - -7 - (94 - 84)?
-3
Calculate 6 - (5 + (-2 - -4)) - -9.
8
Calculate 1 + 4 + 11 + -14.
2
Evaluate -11 + 6 - (-1 + -4).
0
Evaluate -4 - (-1 - (3 + -2)).
-2
Calculate (1 - 2) + -9 + 6.
-4
What is 3 + -2 - -2 - 0?
3
-2 + -4 + (-4 - (3 + -5))
-8
Calculate -4 - -12 - (1 + 3).
4
Calculate -5 + (-2 - -2) - 0 - -4.
-1
Calculate -3 + -3 + (-1 - -3) + 2.
-2
Calculate 7 + -11 + 2 + 1 + 1.
0
Evaluate -1 - (5 - (0 - -3)).
-3
What is the value of -1 - 2 - (31 + -28)?
-6
What is (-7 - -17) + -5 - 8?
-3
Evaluate 5 + -3 - (-1 + 6 - -1).
-4
Evaluate 13 + -4 - 5 - (-4 - -10).
-2
What is the value of 12 - (14 + -6) - (0 + 7)?
-3
Calculate (-2 - 0) + 7 - (19 + -15).
1
Calculate -1 + 6 - (5 - (8 + -1)).
7
Evaluate (-1 - (2 + (-2 - -2))) + -1.
-4
Evaluate (-3 - -6) + (-6 - (-4 - 0)).
1
Evaluate 0 - (2 - -1) - (-19 - -20).
-4
(-8 - -10) + 5 + (0 - -1)
8
Calculate (0 - -5) + -2 + 2.
5
(-4 - -7) + (0 - -4) - 3
4
What is the value of 10 + -2 + -3 + 0?
5
What is the value of 7 - (6 - 0 - 7) - 3?
5
-7 - 0 - (-27 + 22)
-2
Evaluate -4 + 0 + (0 - (3 + -10)).
3
-7 + (14 - 7) - 8
-8
Calculate 1 + 0 + 3 + (-7 - -4).
1
2 - ((-8 - -8) + -2 + -4)
8
Calculate (-10 - -6) + (0 + 9 - -2).
7
What is (3 - -5) + (37 - 41)?
4
Calculate -33 + 23 + (0 - -9).
-1
What is the value of (4 - 4 - -3) + 0?
3
What is -3 + 2 - (-9 + 9)?
-1
Evaluate (0 - (1 - (1 - -2))) + 3.
5
Calculate -1 - 1 - (4 - 9) - 10.
-7
What is the value of (-3 - 2) + (-7 - -14)?
2
What is 20 + -20 - (0 + (-2 - -3))?
-1
Evaluate 16 + -11 - (8 + -2) - 0.
-1
(-23 - -22) + 0 + 1
0
11 - (1 - -2 - -1) - 3
4
What is the value of 1 - 3 - (2 - (-8 + 11))?
-1
What is 6 + -7 + (4 - -1)?
4
What is the value of -9 - (-3 - 5) - (1 + -4)?
2
What is (2 - -2) + -1 - (105 + -99)?
-3
-3 - (-3 + 4 + 4)
-8
0 + 1 - (-2 - -6)
-3
-4 - ((-2 - (-6 - -4)) + -3)
-1
Evaluate -4 - (0 - (3 + -1)).
-2
Calculate 6 - (0 - -4 - (-6 + 4)).
0
Evaluate (-3 + (9 - 3) - -1) + -10.
-6
What is the value of 2 + 0 + -3 + (-3 - -1)?
-3
Calculate 3 + (-25 + 30 - (1 - -5)).
2
Calculate (-5 - (-5 - -6)) + 8.
2
11 - (11 + -9 + 10)
-1
What is the value of -2 - (